isor of 128 and a?
8
Let u(k) = k**2 + k - 1. Let d be u(0). Let b = d + 25. Let p be (3 - b/9)*54. Calculate the highest common divisor of 6 and p.
6
Suppose -5*y - 1990 = -4*y - 4*n, y + 2*n = -1966. Let x be 4 - 116/30 - y/45. What is the greatest common factor of x and 88?
44
Suppose 3*q - 2*h - 25 = -0*h, 0 = 5*h + 25. Let v = 11 + -9. Suppose v*x + 105 = 5*x. Calculate the highest common factor of x and q.
5
Let q = 142 - -2. Let s be ((-5)/(-5)*2)/(1 + 0). Suppose 0*f - s*f + q = 0. What is the greatest common divisor of f and 18?
18
Suppose -421 = -s - 2*m, 32*m - 28*m = 3*s - 1293. What is the highest common divisor of 7 and s?
7
Let w = 95 - -18. Let b = w + -94. What is the greatest common factor of 133 and b?
19
Let z = -112 - -148. Suppose 0 = 3*c - 1 + 7, -64 = -5*m + 2*c. What is the highest common divisor of z and m?
12
Let s = -48 - -28. Let i be (-3308)/s + 4/(-10). Calculate the greatest common factor of 66 and i.
33
Let c = -513 + 555. Let r(q) = -q**3 + 7*q**2 + 9*q + 4. Let b be r(8). What is the greatest common factor of b and c?
6
Let q(s) = -s**3 + 5*s**2 + 5*s - 1. Let d be q(5). Suppose -20832 = -124*l - 0*l. What is the highest common divisor of d and l?
24
Suppose 3*m = 24 + 141. Suppose q + 0*q - 8 = -2*z, 0 = 2*z - 4. Suppose -90 = -q*y - 2*v, 0*y = -3*y + 4*v + 62. What is the greatest common factor of m and y?
11
Let g(p) be the second derivative of -p**5/20 - 5*p**4/12 + p**3/2 - 11*p**2 + 19*p. Let d be g(-9). What is the greatest common divisor of 25 and d?
25
Suppose -d - 9 + 3 = 0. Let q(y) = y**3 + 8*y**2 + 5*y + 14. Let k be q(d). Let m = -7 - -15. Calculate the greatest common factor of k and m.
8
Suppose 3*t + 5*c - 30 = 0, -5*t + 8*t = -c + 30. Let x be ((-542)/(-14) - -1) + (-110)/(-385). What is the highest common divisor of t and x?
10
Let j be 29 - 0*4/(-8). Let u = j - 41. Let k be ((-20)/u)/(2/6). What is the highest common divisor of 40 and k?
5
Let c(d) = 2*d + 3. Let y be c(-1). Let t be 332/(-10) - y/(-5). Let n = 2 - t. What is the greatest common factor of n and 7?
7
Suppose 2*f + a = -3*a - 18, -5*a = -2*f - 36. Let v = 23 - f. What is the greatest common factor of v and 24?
12
Suppose -17*v = -41 - 44. Let f = 22 + 6. Let x = 43 - f. What is the greatest common factor of x and v?
5
Suppose 131 = 3*y - y - n, 3*y - 196 = 2*n. Suppose -y = -m - m. Let p = -6 + 9. What is the greatest common factor of p and m?
3
Let r = -1787 + 3173. What is the highest common factor of 7 and r?
7
Let t be (-16)/40 - (-554)/10. Suppose -o + 3*v + 32 = o, 3*o - v = t. What is the greatest common divisor of 209 and o?
19
Suppose 1 = -7*h - 13. Let k(v) = v**2 + v. Let c be k(h). What is the highest common factor of 10 and c?
2
Suppose -2*d + 400 = 4*j, -113 = -j - 4*d - 27. Calculate the highest common factor of 459 and j.
51
Let k(i) = i**2 - i - 2. Let l be k(-3). Suppose 2*a = 7*a - l, -5*a - 42 = -4*w. Suppose -2*p + 3*p = w. Calculate the highest common divisor of 13 and p.
13
Suppose -g - 45 = -4*g. Let i be (0 - 9)*g/(-9). Calculate the greatest common divisor of 45 and i.
15
Suppose 3508 + 5292 = 16*p. Calculate the highest common factor of 22 and p.
22
Suppose 2*b + 5*k = 48 + 6, 5*k = 5*b - 135. Calculate the highest common divisor of 252 and b.
9
Let l = -250 - -315. Calculate the highest common factor of 520 and l.
65
Let h = 1357 - 1343. Let c be (-2)/2 + (-6)/(-2). Suppose -3*w + c = o, -3*o + 7*w + 62 = 2*w. Calculate the highest common factor of h and o.
14
Let g be (10/30)/((-29)/15 + 2). Let n = -5 + 5. Suppose n*z - 10 = -2*z. What is the greatest common factor of g and z?
5
Let g be (-63)/(-5) - (-2)/5. Let s = -322 - -374. Calculate the greatest common divisor of g and s.
13
Let t(k) = -13*k**3 - 54*k**2 + 10*k. Let h be t(-6). What is the greatest common divisor of 24 and h?
12
Let f(m) = -8*m + 5. Let v be f(4). Let t = v - -29. What is the greatest common factor of t and 10?
2
Let u(q) = 3*q**2 + 3*q. Let l be u(3). Suppose -y + 45 = 5*v, 34*y = 5*v + 39*y - 45. Calculate the greatest common factor of v and l.
9
Suppose 0 = 2*u - 2*y - 2748, -314*u + y + 6874 = -309*u. Calculate the greatest common divisor of u and 22.
11
Suppose -3*f + 114 = -2*q, 3*f - 8 = -2. Let t = q - -75. Let u = -17 + t. Calculate the highest common factor of 1 and u.
1
Let p = 45 - 24. Suppose -23 = -5*h - 8. Let u be (-1 - -5 - h) + 20. Calculate the highest common factor of p and u.
21
Let s be 1/(-2) - 4/8. Let o(a) = -3*a**3 + a**2. Let l be o(s). Let p be 0 - (35/(-1) + -1). Calculate the highest common divisor of l and p.
4
Let t be (-2 + -46)*(140/(-15) + 7). Calculate the highest common divisor of 56 and t.
56
Suppose -2*u + 4*u = -2*d + 450, 2*d + 225 = u. What is the highest common factor of u and 50?
25
Let d(p) = 273*p**2 + 21*p + 5. Let k be d(2). What is the highest common factor of 67 and k?
67
Let k(y) = 4*y - 5*y**2 - 12*y + y**3 - 6 - 3*y. Let x be k(8). Suppose -z = z - x. Calculate the greatest common divisor of 7 and z.
7
Let j(x) = -x**3 - 6*x**2 - 5*x - 2. Let a be j(-4). Let f be (-514)/a + 8/28. Let i = f - 23. Calculate the highest common factor of i and 2.
2
Let l = 35 - 19. Let t = 38 - l. Calculate the highest common divisor of t and 2.
2
Let w(q) = 23*q - 46. Let r(i) = 11*i - 23. Let s(u) = 7*r(u) - 3*w(u). Let m be s(7). Suppose 901 = 5*n - 89. Calculate the highest common divisor of n and m.
33
Suppose -4*m = -0*m - 20. Suppose -m*w + 0*w + 190 = 0. Let v(t) = t**3 - t**2 - t. Let u be v(5). What is the highest common factor of w and u?
19
Let j be (-12)/(-27) + (-13)/(-27)*24. Calculate the highest common divisor of j and 288.
12
Let k(q) = -q**2 + 23*q. Let i be k(16). What is the highest common divisor of i and 28?
28
Let o(f) = f - 5*f + 7*f**2 + 2*f. Let i be o(2). Let k = 248 - 80. What is the highest common divisor of i and k?
24
Let j(m) = -m**3 - 31*m**2 - 15*m + 29. Let a be j(-31). Calculate the greatest common factor of a and 19.
19
Let k = -2 - 4. Let c be 72/(((-4)/2)/14). Let m be c/16*20/k. Calculate the greatest common divisor of 15 and m.
15
Let n(c) = -4 + 7 + c - 8. Let l be n(-4). Let k be (-270)/l*4/10. Calculate the greatest common divisor of k and 60.
12
Suppose -58 = 41*y - 42*y - 3*q, 0 = -4*y - q + 254. What is the greatest common factor of 560 and y?
16
Suppose -6*x + 3*x + 129 = -p, -5*p = 5*x - 195. Calculate the highest common divisor of x and 189.
21
Suppose 345 = 5*s + b - 317, -4*s = -4*b - 544. Let z = -17 + 36. What is the highest common divisor of s and z?
19
Let r(t) = -t**2 - 11*t - 6. Let v be r(-10). Suppose -v*b + u = -45, 2*u + 0*u = -3*b + 20. Let a be 42 - 2*3/3. What is the highest common divisor of a and b?
10
Let h(n) = -40*n - 1. Let l be h(-6). Let f = -83 + l. Suppose t - 340 = -5*k + 413, -2*t = k - f. What is the highest common factor of k and 30?
30
Suppose 16 = 2*k - 4*k. Let c be (k/(-24))/((-1)/(-39)). Calculate the highest common divisor of c and 13.
13
Let a be 5/(2*3/(-6)) - -55. Calculate the greatest common divisor of 450 and a.
50
Suppose 244 = -3*g - g. Let n = -37 - g. Suppose -2*w + 2*f + 308 = 3*w, 0 = 2*f + 8. What is the highest common factor of n and w?
12
Suppose 0 = 10*b - 6*b + 2*h - 112, 0 = -b - 2*h + 25. Let j = 0 - -261. Calculate the greatest common factor of j and b.
29
Let z be (360/(-198))/(4*(-3)/66). What is the greatest common divisor of 26 and z?
2
Let g be (-2)/1*(-1344)/48. Calculate the highest common divisor of g and 196.
28
Suppose -5*b = 19 - 79. Suppose -6*z + z = -225. Let k = z + -21. Calculate the greatest common divisor of b and k.
12
Let i(s) = -s**3 - 15*s**2 - 32*s - 58. Let c be i(-13). What is the greatest common factor of c and 1410?
10
Suppose -2*i + 15 = -7*i. Let k be 34/4 - i/(-6). Suppose -214 - 234 = -7*c. Calculate the highest common divisor of c and k.
8
Let h = 197 + -131. Calculate the greatest common divisor of 18 and h.
6
Let p be 9/72 - (-446)/16. Let q be 6/(-21) + 1688/p. Suppose 0 = 5*k - 4*l - 0*l - q, l = 5*k - 60. What is the greatest common divisor of k and 6?
6
Suppose -5*m + 89 = 2*f, 4*f + 30 - 38 = 0. What is the highest common divisor of 731 and m?
17
Let a be (22/(-6))/((-6)/36). Suppose 4*s = -3*r + 482, 4*r + 3*s - 169 = 3*r. Calculate the highe